{"id":2,"date":"2018-06-28T21:01:51","date_gmt":"2018-06-28T19:01:51","guid":{"rendered":"http:\/\/localhost\/flow_savonnerie_preprod\/dossier\/?page_id=2"},"modified":"2025-07-31T18:55:38","modified_gmt":"2025-07-31T16:55:38","slug":"page-d-exemple","status":"publish","type":"page","link":"https:\/\/www.flow-savonnerie.com\/dossier\/","title":{"rendered":"Savon saponifi\u00e9 \u00e0 froid"},"content":{"rendered":"<div class=\"cardedito\">\n<p>Vous souhaitez r\u00e9ussir votre savon saponifi\u00e9 \u00e0 froid ou vous perfectionnez dans la fabrication de savon color\u00e9 ? Inscrivez-vous pour rester inform\u00e9.e de l&rsquo;ouverture de la prochaine session d&rsquo;inscriptions et recevoir une offre sp\u00e9ciale.<\/p>\n<h2 class=\"bloctitre\">Flow acad\u00e9mie<\/h2>\n<p><iframe loading=\"lazy\" src=\"https:\/\/player.vimeo.com\/video\/449659639\" width=\"100%\" height=\"360\" frameborder=\"0\" allowfullscreen=\"allowfullscreen\"><span data-mce-type=\"bookmark\" style=\"display: inline-block; width: 0px; overflow: hidden; line-height: 0;\" class=\"mce_SELRES_start\">\ufeff<\/span><\/iframe><br \/>\n<img decoding=\"async\" style=\"max-width: 100%;\" src=\"https:\/\/www.flow-savonnerie.com\/dossier\/wp-content\/uploads\/2020\/06\/packshot-programme-multidevice.png\" \/><\/p>\n<ul style=\"font-weight: bold; list-style-type: square; margin-left: 30px;\">\n<li>Plateforme 100% en ligne<\/li>\n<li>Vid\u00e9os pratiques<\/li>\n<li>Astuces et conseils de pro<\/li>\n<\/ul>\n<p style=\"margin-bottom: 15px; text-align: center;\"><a style=\"background-color: #6e3f94; border-color: #ccc !important; color: #fff !important; box-sizing: border-box; display: inline-block; margin: 0; padding: 15px 40px 15px 40px; border: 1px solid transparent !important; cursor: pointer; font-size: 14px; font-weight: bold; line-height: 19px; text-align: center; text-decoration: none !important; border-radius: 14px;\" href=\"https:\/\/www.flowacademie.vip\/?utm_source=flow-savonnerie&amp;utm_medium=cta&amp;utm_campaign=campagne-programme-flow-savonnerie-cta\">Recevoir une alerte avec une offre sp\u00e9ciale<\/a><\/p>\n<\/div>\n<div class=\"card\">\n<h2 id=\"savon-surgras\" class=\"bloctitrewp\">Comment faire un savon solide ?<\/h2>\n<p>D\u00e9couvrez tous les bienfaits de la saponification et tout ce qu&rsquo;il faut savoir pour\u00a0faire son\u00a0<strong>savon solide\u00a0<\/strong>\u00e0 froid. La m\u00e9thode de saponification artisanale est un principe de fabrication de savon saponifi\u00e9 \u00e0 froid populaire pour plusieurs raisons.<\/p>\n<p>La saponification \u00e0 froid offre une flexibilit\u00e9 dans la s\u00e9lection et l&rsquo;utilisation des mati\u00e8res grasses, des huiles, colorants et fragrances.\u00a0La soude caustique est la base qui convertit les corps gras et les huiles en savon et en glyc\u00e9rine naturellement.<\/p>\n<p><img loading=\"lazy\" decoding=\"async\" class=\"imgcms alignnone wp-image-15353 size-medium\" src=\"https:\/\/www.flow-savonnerie.com\/dossier\/wp-content\/uploads\/2025\/06\/1-300x300.png\" alt=\"\" width=\"300\" height=\"300\" srcset=\"https:\/\/www.flow-savonnerie.com\/dossier\/wp-content\/uploads\/2025\/06\/1-300x300.png 300w, https:\/\/www.flow-savonnerie.com\/dossier\/wp-content\/uploads\/2025\/06\/1-150x150.png 150w, https:\/\/www.flow-savonnerie.com\/dossier\/wp-content\/uploads\/2025\/06\/1-768x768.png 768w, https:\/\/www.flow-savonnerie.com\/dossier\/wp-content\/uploads\/2025\/06\/1.png 1024w\" sizes=\"auto, (max-width: 300px) 100vw, 300px\" \/><\/p>\n<h2 id=\"savon-froid\" class=\"bloctitrewp\">Fabriquer son savon<\/h2>\n<p>Le savon maison est simple \u00e0 faire. Il faut quand m\u00eame connaitre les fondamentaux pour\u00a0 <strong><a href=\"https:\/\/www.flow-savonnerie.com\/dossier\/fabriquer-son-savon\/\">fabriquer son savon<\/a><\/strong> maison \u00e0 froid soi-m\u00eame\u00a0 ou acheter son savon \u00e0 froid aupr\u00e8s d&rsquo;un professionnel. D\u00e9couvrez nos articles pour faire son savon maison et nos conseils pour choisir un savon \u00e0 froid adapt\u00e9 \u00e0 votre peau et respectueux de l&rsquo;environnement.<\/p>\n<p><img loading=\"lazy\" decoding=\"async\" class=\"imgcms alignnone wp-image-15354 size-medium\" src=\"https:\/\/www.flow-savonnerie.com\/dossier\/wp-content\/uploads\/2025\/06\/11-300x200.png\" alt=\"\" width=\"300\" height=\"200\" srcset=\"https:\/\/www.flow-savonnerie.com\/dossier\/wp-content\/uploads\/2025\/06\/11-300x200.png 300w, https:\/\/www.flow-savonnerie.com\/dossier\/wp-content\/uploads\/2025\/06\/11-768x512.png 768w, https:\/\/www.flow-savonnerie.com\/dossier\/wp-content\/uploads\/2025\/06\/11-1024x683.png 1024w, https:\/\/www.flow-savonnerie.com\/dossier\/wp-content\/uploads\/2025\/06\/11.png 1536w\" sizes=\"auto, (max-width: 300px) 100vw, 300px\" \/><\/p>\n<h2 id=\"savon-surgras\" class=\"bloctitrewp\">Savon artisanal<\/h2>\n<p>Comment acheter le <strong>savon artisanal <\/strong>qui vous ressemble ? Sur les march\u00e9s ? Dans les stands des salons ? Dans tous les cas, il faut \u00eatre attentif \u00e0 la liste des ingr\u00e9dients pour profiter des bienfaits du savon saponifi\u00e9 \u00e0 froid. Certains savons contiennent des graisses animales ou des huiles produites intensivement. Privil\u00e9giez un savon artisanal 100% fait la main.<\/p>\n<p><img loading=\"lazy\" decoding=\"async\" class=\"imgcms alignnone wp-image-15355 size-medium\" src=\"https:\/\/www.flow-savonnerie.com\/dossier\/wp-content\/uploads\/2025\/06\/111-300x200.png\" alt=\"\" width=\"300\" height=\"200\" srcset=\"https:\/\/www.flow-savonnerie.com\/dossier\/wp-content\/uploads\/2025\/06\/111-300x200.png 300w, https:\/\/www.flow-savonnerie.com\/dossier\/wp-content\/uploads\/2025\/06\/111-768x512.png 768w, https:\/\/www.flow-savonnerie.com\/dossier\/wp-content\/uploads\/2025\/06\/111-1024x683.png 1024w, https:\/\/www.flow-savonnerie.com\/dossier\/wp-content\/uploads\/2025\/06\/111.png 1536w\" sizes=\"auto, (max-width: 300px) 100vw, 300px\" \/><\/p>\n<h2 id=\"savon-artisanal\" class=\"bloctitre\">Saponification \u00e0 froid<\/h2>\n<p>Le savon\u00a0<strong>saponification \u00e0 froid<\/strong>\u00a0de Flow &#8211; La savonnerie est un savon qui aide \u00e0 prot\u00e9ger la peau gr\u00e2ce \u00e0 la technique du surgraissage. C&rsquo;est un savon \u00e0 froid surgras enrichi en huiles et en mati\u00e8res grasses qui produit un savon doux adapt\u00e9 aux peaux s\u00e8ches qu&rsquo;ils nourrissent et aux peaux grasses qu&rsquo;ils r\u00e9gulent.<\/p>\n<p><img loading=\"lazy\" decoding=\"async\" class=\"img-thumbnail \" src=\"https:\/\/www.flow-savonnerie.com\/img\/cms\/savon-saponifie-artisanal.jpg\" alt=\"savon surgras\" width=\"300\" height=\"200\" \/><\/p>\n<p>Le savon \u00e0 froid est un savon respectueux de la peau et de l&rsquo;environnement. Sans additif nocif pour la sant\u00e9 ou polluant, sans conservateurs ou agents moussants, c&rsquo;est un produit de qualit\u00e9 \u00e0 privil\u00e9gier \u00e0 la place de savons industriels.<\/p>\n<h2 class=\"bloctitrewp\">Shampoing solide<\/h2>\n<p>Les cheveux sont essentiels pour l&rsquo;apparence physique. On est beaucoup plus exigeant avec le shampoing car les cheveux doivent \u00eatre propres apr\u00e8s le lavage mais aussi doux. La cosm\u00e9tique traditionnelle a inond\u00e9 le march\u00e9 de shampoings avec des compositions douteuses et des tensio-actifs agressifs. Maintenant vous avez une nouvelle alternative avec le <strong>shampoing solide<\/strong> fabriqu\u00e9 artisanalement avec des tensio-actifs doux.<\/p>\n<p><img loading=\"lazy\" decoding=\"async\" class=\"imgcms wp-image-4370 size-medium\" src=\"https:\/\/www.flow-savonnerie.com\/dossier\/wp-content\/uploads\/2019\/08\/shampoing-solide-zero-dechet-300x200.jpg\" alt=\"shampoing solide\" width=\"300\" height=\"200\" \/><\/p>\n<p>Le shampoing est compos\u00e9 majoritairement d&rsquo;eau (70%) et de tensioactifs qui doivent attirer. Vous avez besoin d&rsquo;un shampoing solide avec des tensio-actifs sains qui respectent votre cuir chevelu.<\/p>\n<h2 id=\"savon-froid\" class=\"bloctitrewp\">Savonnerie artisanale<\/h2>\n<p>D\u00e9couvrez la\u00a0<strong>savonnerie artisanale<\/strong>. Depuis la cr\u00e9ation jusqu&rsquo;\u00e0 aujourd&rsquo;hui, la cr\u00e9ation d&rsquo;une savonnerie est une aventure en soi. On part d&rsquo;une id\u00e9e et de la volont\u00e9 de personnes engag\u00e9es dans un processus continu de fabriquer et mettre sur le march\u00e9 les meilleurs savons \u00e0 froid et shampoings solides pour le bien-\u00eatre des utilisateurs.<\/p>\n<p>Au-del\u00e0 de la savonnerie, c&rsquo;est une entreprise entrepreneuriale \u00e0 vivre au quotidien avec les r\u00e9ussites et les obstacles \u00e0 franchir.<\/p>\n<h2 id=\"savon-froid\" class=\"bloctitrewp\">Faire son savon maison sans soude caustique<\/h2>\n<p>Avec une base de savon d\u00e9j\u00e0 pr\u00eate, vous n&rsquo;avez pas besoin de manipuler de la soude caustique qui reste une substance chimique \u00e0 manipuler avec pr\u00e9caution.\u00a0<a href=\"https:\/\/www.flow-savonnerie.com\/dossier\/recette-savon-sans-soude-caustique\/\"><strong>Faire son savon maison sans soude<\/strong><\/a>, c&rsquo;est simple et rapide avec la base de savon Melt and Pour.<\/p>\n<p>Vous pouvez fabriquer du savon maison avec vos enfants ou des amies en laissant libre cours \u00e0 votre imagination et les offrir.\u00a0 Vous pouvez aussi colorer votre savon maison avec des colorants ou parfumer votre savon avec des huiles essentielles.\u00a0 L&rsquo;avantage est que vous personnalisez votre savon comme vous le souhaitez avec des \u00e9l\u00e9ments naturels (argile, lavande, fleur etc).<\/p>\n<h2 id=\"savon-artisanal\" class=\"bloctitre\">Quel savon choisir pour votre peau ?<\/h2>\n<p>Comment choisir le savon adapt\u00e9 \u00e0 son type de peau ? Difficile de s&rsquo;y retrouver dans les promesses et le discours marketing. Les cosm\u00e9tiques contiennent des produits toxiques pour la peau et l&rsquo;organisme. C&rsquo;est pourquoi il est indispensable de savoir lire les \u00e9tiquettes et connaitre les ingr\u00e9dients nocifs afin de choisir un<strong> savon naturel<\/strong>\u00a0et sans danger.<br \/>\n<img loading=\"lazy\" decoding=\"async\" class=\"imgcms alignnone wp-image-15357 size-medium\" src=\"https:\/\/www.flow-savonnerie.com\/dossier\/wp-content\/uploads\/2025\/06\/11111-300x200.png\" alt=\"\" width=\"300\" height=\"200\" srcset=\"https:\/\/www.flow-savonnerie.com\/dossier\/wp-content\/uploads\/2025\/06\/11111-300x200.png 300w, https:\/\/www.flow-savonnerie.com\/dossier\/wp-content\/uploads\/2025\/06\/11111-768x512.png 768w, https:\/\/www.flow-savonnerie.com\/dossier\/wp-content\/uploads\/2025\/06\/11111-1024x683.png 1024w, https:\/\/www.flow-savonnerie.com\/dossier\/wp-content\/uploads\/2025\/06\/11111.png 1536w\" sizes=\"auto, (max-width: 300px) 100vw, 300px\" \/><\/p>\n<h2 class=\"bloctitrewp\">Quel est le meilleur savon ?<\/h2>\n<p>Quel est le meilleur savon ? Savon saponifi\u00e9 \u00e0 froid pour se laver ? Il existe de nombreuses formes de savon avec des proc\u00e9d\u00e9s de fabrication vari\u00e9s. Pain de savon, savon solide, savon liquide, savon en cube&#8230; L&rsquo;apparence ext\u00e9rieure peut changer d&rsquo;un savon \u00e0 l&rsquo;autre mais le point important \u00e0 prendre en compte dans le choix de son savon, c&rsquo;est le mode de fabrication.<\/p>\n<p>S&rsquo;agit-il d&rsquo;un savon saponifi\u00e9 \u00e0 froid ou autre ? La peau est fra\u00eeche, saine et ferme lorsqu&rsquo;elle est suffisamment nourrie en graisse et en humidit\u00e9 or c&rsquo;est la fabrication du savon qui apporte ses propri\u00e9t\u00e9s bienfaisantes et protectrices.<\/p>\n<p><img loading=\"lazy\" decoding=\"async\" class=\"imgcms\" src=\"https:\/\/www.flow-savonnerie.com\/img\/cms\/savon-saponifie-a-froid-artisanal.jpg\" alt=\"meilleur savon saponifi\u00e9 \u00e0 froid\" width=\"300\" height=\"183\" \/><\/p>\n<h2 class=\"bloctitrewp\">Savonnerie \u00e0 froid, activit\u00e9 r\u00e9glement\u00e9e<\/h2>\n<p><img loading=\"lazy\" decoding=\"async\" class=\"imgcms alignnone wp-image-15358 size-medium\" src=\"https:\/\/www.flow-savonnerie.com\/dossier\/wp-content\/uploads\/2025\/06\/111111-300x200.png\" alt=\"\" width=\"300\" height=\"200\" srcset=\"https:\/\/www.flow-savonnerie.com\/dossier\/wp-content\/uploads\/2025\/06\/111111-300x200.png 300w, https:\/\/www.flow-savonnerie.com\/dossier\/wp-content\/uploads\/2025\/06\/111111-768x512.png 768w, https:\/\/www.flow-savonnerie.com\/dossier\/wp-content\/uploads\/2025\/06\/111111-1024x683.png 1024w, https:\/\/www.flow-savonnerie.com\/dossier\/wp-content\/uploads\/2025\/06\/111111.png 1536w\" sizes=\"auto, (max-width: 300px) 100vw, 300px\" \/><br \/>\nContrairement aux m\u00e9dicaments, un produit cosm\u00e9tique comme le savon ne n\u00e9cessite aucune autorisation particuli\u00e8re pour sa mise sur le march\u00e9 en revanche il y a une d\u00e9claration obligatoire et des normes \u00e0 prendre en compte. Le fabricant doit assurer la s\u00e9curit\u00e9 de ses produits. Par exemple un savon doit \u00eatre sur dans des conditions d&rsquo;utilisation normales.<\/p>\n<p>Il est de la responsabilit\u00e9 du savonnier de s&rsquo;assurer de la s\u00e9curit\u00e9 de ses savons. En cas de litiges, la savonnerie devra prouver que son produit est vraiment s\u00fbr. C&rsquo;est le fabricant de savon qui est responsable de la conformit\u00e9 de ses cosm\u00e9tiques avec la r\u00e9glementation juridique sur les savons et le m\u00e9tier de savonnier.<\/p>\n<h2 class=\"bloctitre\">Cosm\u00e9tiques naturelles<\/h2>\n<p><img loading=\"lazy\" decoding=\"async\" class=\"imgcms alignnone wp-image-15359 size-medium\" src=\"https:\/\/www.flow-savonnerie.com\/dossier\/wp-content\/uploads\/2025\/06\/1111111-300x200.png\" alt=\"\" width=\"300\" height=\"200\" srcset=\"https:\/\/www.flow-savonnerie.com\/dossier\/wp-content\/uploads\/2025\/06\/1111111-300x200.png 300w, https:\/\/www.flow-savonnerie.com\/dossier\/wp-content\/uploads\/2025\/06\/1111111-768x512.png 768w, https:\/\/www.flow-savonnerie.com\/dossier\/wp-content\/uploads\/2025\/06\/1111111-1024x683.png 1024w, https:\/\/www.flow-savonnerie.com\/dossier\/wp-content\/uploads\/2025\/06\/1111111.png 1536w\" sizes=\"auto, (max-width: 300px) 100vw, 300px\" \/><br \/>\nLes femmes et les hommes sont engag\u00e9s dans une lutte permanente contre la d\u00e9shydratation et les impuret\u00e9s de la peau. On vit dans un environnement o\u00f9 la peau fait l&rsquo;objet de beaucoup plus d&rsquo;agressions qu&rsquo;avant. En revanche aujourd&rsquo;hui l&rsquo;industrie de la cosm\u00e9tique complique encore et toujours le choix du consommateur. Or le marketing des cosm\u00e9tiques tente de convaincre le consommateur des bienfaits d&rsquo;un produit cosm\u00e9tique sain et naturel.<\/p>\n<p>Lorsqu&rsquo;on lit les messages sur l&rsquo;efficacit\u00e9 des produits, il ne faut pas se laisser aveugler par les apparences. Il est difficile de r\u00e9parer la peau comme on peut le faire pour une voiture en fonction d&rsquo;une pi\u00e8ce d\u00e9faillante. La principale fonction d&rsquo;un soin pour le visage ou le corps est d&rsquo;hydrater la peau et la prot\u00e9ger de la d\u00e9shydratation. Soigner la peau est utile et recommand\u00e9 pour \u00e9viter les irritations \u00e9pidermiques. Les ecz\u00e9mas peuvent se former facilement sur une peau s\u00e8che.<\/p>\n<h3 class=\"bloctitreh3\">Manipulation syst\u00e9matique du consommateur<\/h3>\n<p>L&rsquo;industrie de la beaut\u00e9 emploie massivement des substances chimiques et nie les risques potentiels . Plus que n&rsquo;importe qu&rsquo;elle autres secteurs industriels, l&rsquo;industrie des cosm\u00e9tiques conventionnels trompe et abuse la confiance des consommateurs avec des emballages qui mettent en avant des promesses d&rsquo;efficacit\u00e9 infond\u00e9es et des messages trompeurs. Les accroches marketing sont \u00e0 l&rsquo;oppos\u00e9 des v\u00e9ritables propri\u00e9t\u00e9s du produit. On met en avant des substances qui ne sont pas employ\u00e9es qu&rsquo;en quantit\u00e9 infime.<\/p>\n<\/div>\n","protected":false},"excerpt":{"rendered":"<p>Vous souhaitez r\u00e9ussir votre savon saponifi\u00e9 \u00e0 froid ou vous perfectionnez dans la fabrication de savon color\u00e9 ? Inscrivez-vous pour rester inform\u00e9.e de l&rsquo;ouverture de la prochaine session d&rsquo;inscriptions et recevoir une offre sp\u00e9ciale. Flow acad\u00e9mie \ufeff Plateforme 100% en ligne Vid\u00e9os pratiques Astuces et conseils de pro Recevoir une alerte avec une offre sp\u00e9ciale<\/p>\n<footer class=\"entry-footer index-entry\">\n<div class=\"post-social pull-left\"><a href=\"https:\/\/www.facebook.com\/sharer\/sharer.php?u=https%3A%2F%2Fwww.flow-savonnerie.com%2Fdossier%2F\" target=\"_blank\" class=\"social-icons\"><i class=\"fa fa-facebook\" aria-hidden=\"true\"><\/i><\/a><a href=\"https:\/\/twitter.com\/home?status=https%3A%2F%2Fwww.flow-savonnerie.com%2Fdossier%2F\" target=\"_blank\" class=\"social-icons\"><i class=\"fa fa-twitter\" aria-hidden=\"true\"><\/i><\/a><a href=\"https:\/\/www.linkedin.com\/shareArticle?mini=true&#038;url=https%3A%2F%2Fwww.flow-savonnerie.com%2Fdossier%2F&#038;title=Savon+saponifi%C3%A9+%C3%A0+froid\" target=\"_blank\" class=\"social-icons\"><i class=\"fa fa-linkedin\" aria-hidden=\"true\"><\/i><\/a><\/div>\n<p class=\"link-more\"><a href=\"https:\/\/www.flow-savonnerie.com\/dossier\/\" class=\"more-link\">Continue reading <span class=\"meta-nav\">\u2192<\/span><\/a><\/p>\n<\/footer>\n","protected":false},"author":1,"featured_media":0,"parent":0,"menu_order":0,"comment_status":"closed","ping_status":"open","template":"","meta":{"footnotes":""},"class_list":["post-2","page","type-page","status-publish","hentry"],"_links":{"self":[{"href":"https:\/\/www.flow-savonnerie.com\/dossier\/wp-json\/wp\/v2\/pages\/2","targetHints":{"allow":["GET"]}}],"collection":[{"href":"https:\/\/www.flow-savonnerie.com\/dossier\/wp-json\/wp\/v2\/pages"}],"about":[{"href":"https:\/\/www.flow-savonnerie.com\/dossier\/wp-json\/wp\/v2\/types\/page"}],"author":[{"embeddable":true,"href":"https:\/\/www.flow-savonnerie.com\/dossier\/wp-json\/wp\/v2\/users\/1"}],"replies":[{"embeddable":true,"href":"https:\/\/www.flow-savonnerie.com\/dossier\/wp-json\/wp\/v2\/comments?post=2"}],"version-history":[{"count":180,"href":"https:\/\/www.flow-savonnerie.com\/dossier\/wp-json\/wp\/v2\/pages\/2\/revisions"}],"predecessor-version":[{"id":15597,"href":"https:\/\/www.flow-savonnerie.com\/dossier\/wp-json\/wp\/v2\/pages\/2\/revisions\/15597"}],"wp:attachment":[{"href":"https:\/\/www.flow-savonnerie.com\/dossier\/wp-json\/wp\/v2\/media?parent=2"}],"curies":[{"name":"wp","href":"https:\/\/api.w.org\/{rel}","templated":true}]}}